y) = y - 8. Let m be j(11). Suppose -m*d = d - 48. What is the units digit of (-1)/(9/(-6))*d?
8
Let l(r) = -r**3 - 6*r**2 + r + 3. Let n be l(-6). Let q be 11/(-4) - n/(-12). What is the units digit of (q/6)/((-2)/36)?
9
What is the tens digit of 3/((-27)/(-291))*3?
9
Let v(j) = -j - 5. Let b be v(-4). Let c(f) = -17*f. What is the tens digit of c(b)?
1
Let v(y) = 10*y + 1. Let t(p) = p. Let q(s) = -t(s) - v(s). Let u be q(-3). Suppose r + u = 5*r. What is the units digit of r?
8
Let b be (-1 - 1 - -2) + 6. Let s be 0 + (-2)/(-1) + b. What is the units digit of (s/(-12))/((-4)/18)?
3
Suppose -4*n + 10 = -i, 2*n - 2*i - 2 = -0. Suppose 13 = n*t - 38. What is the tens digit of t?
1
Let y(d) be the first derivative of d**3/3 - d**2/2 - 4*d + 14. Suppose -i = -5*i - 12. What is the units digit of y(i)?
8
Let x(k) = -3*k - 26. What is the units digit of x(-11)?
7
What is the tens digit of (-492)/(-3) + 0 - (1 + 2)?
6
Suppose 5*o = 127 + 288. What is the tens digit of o?
8
Let r be (1 - -4)*396/(-55). What is the units digit of ((-12)/r)/((-1)/(-48))?
6
Suppose -4*c - 19 = -5*c. What is the units digit of c?
9
Let c(w) = w**3 + 9*w**2 + 4*w + 3. What is the units digit of c(-8)?
5
What is the tens digit of 18/(-36) + (-2 - 158/(-4))?
3
Suppose 4*j = -4*f + 88, 3*j - 61 = 3*f + 23. Let h = 5 + j. Suppose h = 6*m - m. What is the units digit of m?
6
Let x(l) = -3*l**2 - 3*l + 7. Let w(c) = -4*c**2 - 5*c + 11. Let n(o) = 5*w(o) - 7*x(o). What is the tens digit of n(6)?
1
Let i(w) = 6*w**3 + w**2 - 3*w + 3. Let q be i(2). Let x = -29 + q. What is the units digit of x?
0
Let q = 3 + -1. Suppose -2*w = -7*w + q*u + 9, 2*w - u = 4. Let a = 4 - w. What is the units digit of a?
3
Let r = 28 + 43. What is the tens digit of r?
7
Let g = -12 - -19. Let r = g - 2. What is the units digit of r?
5
Let s(z) = -z**2 - 13*z + 2. What is the tens digit of s(-11)?
2
Suppose 6*d - 9*d = -24. Let f = d + -4. Suppose -3*h + 3 = -0*h, -2*h - f = -t. What is the units digit of t?
6
Let t = -11 - -182. What is the units digit of t?
1
Let h(t) = 9*t. What is the tens digit of h(3)?
2
Let w = -56 + 107. What is the units digit of w?
1
Suppose 5*n = y + 123, 0 = -0*n + 3*n - 2*y - 78. What is the units digit of n?
4
Let m(j) = -5 + 4*j + 1 - 1 - 3*j. What is the units digit of m(6)?
1
Let s(n) = n**2 + 6*n - 11. Let p be s(-8). Let x(w) = -w**3 + 5*w**2 + 7. What is the units digit of x(p)?
7
Let i be 14 + -10 - (-1 + -73). Suppose -73 = -4*r + f, -5*r + i = 4*f + 13. What is the units digit of r?
7
Let s(b) = b - 3. Let z(o) = o + 9. Let c be z(7). What is the tens digit of s(c)?
1
Suppose -8 + 4 = -4*u. What is the units digit of (u - 0)*(12 + -4)?
8
Let f(o) = 28*o**2 - 5*o + 4. What is the tens digit of f(2)?
0
Suppose 0 = 2*i - 3*x - 23, -2*i = -7*x + 2*x - 33. Suppose 2*s + 3 = -i*k - 9, -3*k - 31 = -4*s. What is the units digit of s?
4
Let c(y) = -y - 5. Let i(m) = -1. Let q(h) = -c(h) - 3*i(h). What is the units digit of q(0)?
8
Suppose 3*g + 5 = -2*g. Let r be (3 - 1)/g - -23. Let k = r + -11. What is the tens digit of k?
1
Let a be (-3)/(-2)*(-44)/3. Let c = a - -16. Let r = c + 10. What is the units digit of r?
4
Suppose 0 = -4*s + 5*f + 46, 0 = 2*s + 3*f - 4 - 8. What is the units digit of ((-6)/s)/(2/(-6))?
2
Let u be (1 - -1)*6/12. Let f = 3 - u. Suppose f*h - 44 = -2. What is the tens digit of h?
2
Let w(i) = i**2 + 2*i - 2. Let n be w(2). What is the tens digit of (30/4)/(n/8)?
1
Let i = -7 + 10. Suppose i*y + 2*f - 222 = -73, -4*y + 2*f = -194. Suppose 5*w + 9 = y. What is the units digit of w?
8
Let d(c) be the third derivative of -19*c**6/120 + c**5/60 - c**3/6 + 5*c**2. What is the units digit of d(-1)?
9
Let k be (-4)/14 - 470/70. Let s = -7 - 8. Let j = k - s. What is the units digit of j?
8
Let p = -10 + 6. Let h(f) = -f**2 + 8*f + 9. Let j be h(8). Let o = p + j. What is the units digit of o?
5
Let k(c) = 2*c**3 - 6*c**2 + c - 4. What is the tens digit of k(4)?
3
Suppose 5*q = 0, -3*s - 99 = -0*s + q. Let l = 48 + s. What is the units digit of l?
5
Suppose -11*s + 1473 = -980. What is the hundreds digit of s?
2
Let s be 6/(-3 + 5) - 6. Let d be (-6 - -5) + (1 - s). What is the units digit of (-2 + 9)*(d + -2)?
7
Suppose 2*o + 2 - 22 = 0. What is the tens digit of o?
1
Let t be 18*(4 - (-2 - -4)). Suppose -2*s = -s - 5*y - 12, 3*s - t = y. What is the units digit of s?
2
Suppose -d + 56 = 7. Suppose 5*k + 45 = 4*p, -k = -3*p - 5*k - 5. Suppose -5*g + v + 26 = -39, p*v + d = 2*g. What is the tens digit of g?
1
Let v = 376 + -133. What is the hundreds digit of v?
2
Suppose 2*f + 4*z - 30 = 0, 3*z + 20 + 10 = 2*f. Let k = 33 - f. Suppose -2*a - 2 = -k. What is the units digit of a?
8
Suppose -2*r + 24 = -j, 2*r + 0*j = -4*j + 4. Let d be (16/r)/((-1)/(-5)). Let h(w) = w - 6. What is the units digit of h(d)?
2
Let f = 14 + -10. Suppose 0*j = -f*j + 56. What is the tens digit of j?
1
Suppose 4*y + y = 90. What is the units digit of y?
8
Let d be (-2)/(-7) - (-165)/35. Let q = d - 1. Suppose 32 = q*f - 0*f. What is the units digit of f?
8
Suppose -3*y = y - 32. Let x = 11 - y. What is the units digit of x?
3
Suppose 0 = -n - 0*n. Suppose n = 4*l - 16 - 16. What is the units digit of l?
8
Let w(p) = p**3 + 7. What is the units digit of w(0)?
7
Let t(y) = y**2 - 2*y - 4. Let r be t(-4). Suppose -u + 6*u = r. What is the units digit of u?
4
Suppose -2*g = -6 + 2. Suppose 3*n = -12, -g*d - 3*d = 3*n + 7. What is the units digit of d?
1
Let g(t) = t**2 - 2*t - 3. Let w be g(-2). Suppose 10*j - 20 = w*j. What is the units digit of j?
4
What is the units digit of 52/7 - (-3)/(-7)?
7
Let s = -36 + 26. What is the units digit of (-64)/s - 4/10?
6
Suppose 4*k = -4*w + 1440, -3*w + 4*k + 1080 = -0*k. What is the hundreds digit of w?
3
Let a = 35 - 35. Let p(x) = x**2 + x - 1. Let y be p(2). Suppose 5*u = 2*n + 26, y*u - 40 = -a*n - 5*n. What is the units digit of u?
6
Suppose p = 3 - 1. Suppose -p + 29 = 3*g. What is the units digit of g?
9
Suppose -5*o - 3*b = -80, 4*o - b = -5*b + 56. What is the tens digit of o?
1
Suppose -492 = -9*l + 6*l. What is the hundreds digit of l?
1
Let y(a) = 0*a**2 - 3*a**2 - 9*a - 5 - 1 + 2*a**2. What is the units digit of y(-7)?
8
Suppose 3*m - 36 = -3*n - 12, -n = -m + 4. What is the tens digit of (-30)/(3 - m - -1)?
1
Let h(n) = 6*n**3. Let o(x) = -x**3 - 10*x**2 + x + 12. Let s be o(-10). Let b be h(s). Suppose j - b = -3*j. What is the units digit of j?
2
Suppose 1367 = 3*x + 413. What is the tens digit of x?
1
Let m be 3 + (2 - (0 - -3)). Suppose m*a - 12 = -2*a. What is the units digit of a?
3
Let m(s) be the third derivative of s**5/10 + s**3/6 + 6*s**2. What is the tens digit of m(-2)?
2
Suppose -w - 5 = -2*w. Suppose 0 = -0*k + w*k - 225. What is the units digit of k?
5
Suppose -23 = -8*f + 17. What is the units digit of f?
5
Let h(m) = m**2 + 5*m + 14. What is the units digit of h(12)?
8
Suppose -4*c = -2*s - 22, 4*c - s - 25 = -0*s. What is the units digit of c?
7
Suppose -5*s - 5*g - 15 = 0, -2*s + 2*g - g = -9. Suppose -24 = -3*q - s*x + 4, -x + 2 = 0. Suppose -35 = -3*z - q. What is the units digit of z?
9
What is the tens digit of (-208)/(-4) - (-6 + 2)?
5
What is the units digit of 2/(-8) - 162/(-8)?
0
Let j(s) = 5*s**2 + 5*s. Let z be j(-4). Suppose -4*x + z = 4*b, 7*x - 2*x = -2*b + 39. What is the tens digit of b?
1
Let p(m) = -10*m - 68. What is the units digit of p(-17)?
2
Let l(j) = -j**2 - 4*j + 3. What is the units digit of l(-4)?
3
Let f be (-5)/2*6/(-3). Suppose t - 2*t + f = 0. Suppose 3*x = t*x - 2. What is the units digit of x?
1
Suppose 4*k - 7 = 13. Suppose 4*s + k*c - 19 = 2*s, -32 = -3*s - 4*c. What is the units digit of s?
2
Let o(g) be the first derivative of -g**4/4 - 13*g**3/3 - 7*g**2 - 9*g - 1. What is the units digit of o(-12)?
5
Suppose -z + 24 = -89. What is the units digit of z?
3
Let t be (4/(-6))/((-2)/123). Suppose 2*n = t - 11. What is the tens digit of n?
1
Let r = 1 + 1. Suppose 12 - 64 = 4*m - 3*v, -28 = 2*m - r*v. Let d = 16 + m. What is the units digit of d?
6
Suppose -7 = -q - 0*y - 5*y, -3*y - 91 = -5*q. Let j = 25 - q. What is the units digit of j?
8
Let w = -30 - -77. What is the units digit of w?
7
What is the units digit of 22*2 + (-48)/(-12)?
8
What is the tens digit of 572/7